{"id":640,"date":"2025-03-08T07:42:13","date_gmt":"2025-03-08T07:42:13","guid":{"rendered":"https:\/\/neu.xeoneurope.com\/?page_id=640"},"modified":"2026-01-15T00:21:56","modified_gmt":"2026-01-15T00:21:56","slug":"kontakt","status":"publish","type":"page","link":"https:\/\/siegertours.com\/index.php\/kontakt\/","title":{"rendered":"Kontakt"},"content":{"rendered":"\t\t<div data-elementor-type=\"wp-page\" data-elementor-id=\"640\" class=\"elementor elementor-640\" data-elementor-post-type=\"page\">\n\t\t\t\t<div class=\"elementor-element elementor-element-25a6673 e-flex e-con-boxed e-con e-parent\" data-id=\"25a6673\" data-element_type=\"container\">\n\t\t\t\t\t<div class=\"e-con-inner\">\n\t\t<div class=\"elementor-element elementor-element-5c1af51 e-con-full e-flex e-con e-child\" data-id=\"5c1af51\" data-element_type=\"container\">\n\t\t\t\t<\/div>\n\t\t<div class=\"elementor-element elementor-element-0c1ff6c e-con-full e-flex e-con e-child\" data-id=\"0c1ff6c\" data-element_type=\"container\">\n\t\t\t\t<div class=\"elementor-element elementor-element-fc4dac0 elementor-widget elementor-widget-text-editor\" data-id=\"fc4dac0\" data-element_type=\"widget\" data-widget_type=\"text-editor.default\">\n\t\t\t\t<div class=\"elementor-widget-container\">\n\t\t\t\t\t\t\t\t\t<p><span style=\"color: #000000;\">Sie haben Fragen zu unseren Busreisen in Deutschland und Europa oder m\u00f6chten eine Tour anfragen? Wir sind gerne f\u00fcr Sie da. Schreiben Sie uns \u00fcber das Kontaktformular oder melden Sie sich direkt per E-Mail oder Telefon. Bitte nennen Sie m\u00f6glichst Reisedatum, Abfahrtsort, Personenzahl und Ihr gew\u00fcnschtes Reiseziel \u2013 so k\u00f6nnen wir Ihnen schnell ein passendes Angebot erstellen.<\/span><br data-start=\"522\" data-end=\"525\" data-is-only-node=\"\" \/><span style=\"color: #000000;\"><strong data-start=\"525\" data-end=\"587\">SiegerTours \u2013 schnell erreichbar, zuverl\u00e4ssig organisiert.<\/strong><\/span><\/p>\t\t\t\t\t\t\t\t<\/div>\n\t\t\t\t<\/div>\n\t\t\t\t<\/div>\n\t\t<div class=\"elementor-element elementor-element-3b443bf e-con-full e-flex e-con e-child\" data-id=\"3b443bf\" data-element_type=\"container\">\n\t\t\t\t<\/div>\n\t\t\t\t\t<\/div>\n\t\t\t\t<\/div>\n\t\t<div class=\"elementor-element elementor-element-78f5327 e-flex e-con-boxed e-con e-parent\" data-id=\"78f5327\" data-element_type=\"container\">\n\t\t\t\t\t<div class=\"e-con-inner\">\n\t\t<div class=\"elementor-element elementor-element-d8d3b84 e-con-full e-flex e-con e-child\" data-id=\"d8d3b84\" data-element_type=\"container\">\n\t\t\t\t<\/div>\n\t\t<div class=\"elementor-element elementor-element-98d291a e-con-full e-flex e-con e-child\" data-id=\"98d291a\" data-element_type=\"container\">\n\t\t\t\t<div class=\"elementor-element elementor-element-5bce9a1 elementor-widget elementor-widget-image\" data-id=\"5bce9a1\" data-element_type=\"widget\" data-widget_type=\"image.default\">\n\t\t\t\t<div class=\"elementor-widget-container\">\n\t\t\t\t\t\t\t\t\t\t\t\t\t\t\t<img fetchpriority=\"high\" decoding=\"async\" width=\"640\" height=\"271\" src=\"https:\/\/siegertours.com\/wp-content\/uploads\/2026\/01\/Gemini_Generated_Image_lj6ojblj6ojblj6o-1024x434.png\" class=\"attachment-large size-large wp-image-1161\" alt=\"\" srcset=\"https:\/\/siegertours.com\/wp-content\/uploads\/2026\/01\/Gemini_Generated_Image_lj6ojblj6ojblj6o-1024x434.png 1024w, https:\/\/siegertours.com\/wp-content\/uploads\/2026\/01\/Gemini_Generated_Image_lj6ojblj6ojblj6o-300x127.png 300w, https:\/\/siegertours.com\/wp-content\/uploads\/2026\/01\/Gemini_Generated_Image_lj6ojblj6ojblj6o-768x326.png 768w, https:\/\/siegertours.com\/wp-content\/uploads\/2026\/01\/Gemini_Generated_Image_lj6ojblj6ojblj6o-1536x652.png 1536w, https:\/\/siegertours.com\/wp-content\/uploads\/2026\/01\/Gemini_Generated_Image_lj6ojblj6ojblj6o-2048x869.png 2048w\" sizes=\"(max-width: 640px) 100vw, 640px\" \/>\t\t\t\t\t\t\t\t\t\t\t\t\t\t\t<\/div>\n\t\t\t\t<\/div>\n\t\t\t\t<\/div>\n\t\t<div class=\"elementor-element elementor-element-e0c215c e-con-full e-flex e-con e-child\" data-id=\"e0c215c\" data-element_type=\"container\">\n\t\t\t\t<\/div>\n\t\t\t\t\t<\/div>\n\t\t\t\t<\/div>\n\t\t<div class=\"elementor-element elementor-element-9314ec7 e-flex e-con-boxed e-con e-parent\" data-id=\"9314ec7\" data-element_type=\"container\">\n\t\t\t\t\t<div class=\"e-con-inner\">\n\t\t<div class=\"elementor-element elementor-element-3b902fd e-con-full e-flex e-con e-child\" data-id=\"3b902fd\" data-element_type=\"container\">\n\t\t\t\t<\/div>\n\t\t<div class=\"elementor-element elementor-element-e5fd163 e-con-full e-flex e-con e-child\" data-id=\"e5fd163\" data-element_type=\"container\">\n\t\t\t\t<div class=\"elementor-element elementor-element-da242f2 elementor-widget elementor-widget-n-accordion\" data-id=\"da242f2\" data-element_type=\"widget\" data-settings=\"{&quot;default_state&quot;:&quot;all_collapsed&quot;,&quot;max_items_expended&quot;:&quot;one&quot;,&quot;n_accordion_animation_duration&quot;:{&quot;unit&quot;:&quot;ms&quot;,&quot;size&quot;:400,&quot;sizes&quot;:[]}}\" data-widget_type=\"nested-accordion.default\">\n\t\t\t\t<div class=\"elementor-widget-container\">\n\t\t\t\t\t\t\t<div class=\"e-n-accordion\" aria-label=\"Accordion. Open links with Enter or Space, close with Escape, and navigate with Arrow Keys\">\n\t\t\t\t\t\t<details id=\"e-n-accordion-item-2280\" class=\"e-n-accordion-item\" >\n\t\t\t\t<summary class=\"e-n-accordion-item-title\" data-accordion-index=\"1\" tabindex=\"0\" aria-expanded=\"false\" aria-controls=\"e-n-accordion-item-2280\" >\n\t\t\t\t\t<span class='e-n-accordion-item-title-header'><div class=\"e-n-accordion-item-title-text\"> Kontakt: Vertrieb Deutschland , \u00d6sterreich und Schweiz <\/div><\/span>\n\t\t\t\t\t\t\t<span class='e-n-accordion-item-title-icon'>\n\t\t\t<span class='e-opened' ><svg aria-hidden=\"true\" class=\"e-font-icon-svg e-fas-minus\" viewBox=\"0 0 448 512\" xmlns=\"http:\/\/www.w3.org\/2000\/svg\"><path d=\"M416 208H32c-17.67 0-32 14.33-32 32v32c0 17.67 14.33 32 32 32h384c17.67 0 32-14.33 32-32v-32c0-17.67-14.33-32-32-32z\"><\/path><\/svg><\/span>\n\t\t\t<span class='e-closed'><svg aria-hidden=\"true\" class=\"e-font-icon-svg e-fas-plus\" viewBox=\"0 0 448 512\" xmlns=\"http:\/\/www.w3.org\/2000\/svg\"><path d=\"M416 208H272V64c0-17.67-14.33-32-32-32h-32c-17.67 0-32 14.33-32 32v144H32c-17.67 0-32 14.33-32 32v32c0 17.67 14.33 32 32 32h144v144c0 17.67 14.33 32 32 32h32c17.67 0 32-14.33 32-32V304h144c17.67 0 32-14.33 32-32v-32c0-17.67-14.33-32-32-32z\"><\/path><\/svg><\/span>\n\t\t<\/span>\n\n\t\t\t\t\t\t<\/summary>\n\t\t\t\t<div role=\"region\" aria-labelledby=\"e-n-accordion-item-2280\" class=\"elementor-element elementor-element-7bf5899 e-con-full e-flex e-con e-child\" data-id=\"7bf5899\" data-element_type=\"container\">\n\t\t\t\t<div class=\"elementor-element elementor-element-39f21a1 elementor-widget elementor-widget-text-editor\" data-id=\"39f21a1\" data-element_type=\"widget\" data-widget_type=\"text-editor.default\">\n\t\t\t\t<div class=\"elementor-widget-container\">\n\t\t\t\t\t\t\t\t\t<p><span style=\"color: #000000;\">Vertrieb und Beratung<\/span> <br \/>Tel: +4916098061960<br \/><span style=\"color: #000000;\">Email:<\/span> <span style=\"color: #000000;\">vertrieb@siegertours.com<\/span><\/p>\t\t\t\t\t\t\t\t<\/div>\n\t\t\t\t<\/div>\n\t\t\t\t<\/div>\n\t\t\t\t\t<\/details>\n\t\t\t\t\t\t<details id=\"e-n-accordion-item-2281\" class=\"e-n-accordion-item\" >\n\t\t\t\t<summary class=\"e-n-accordion-item-title\" data-accordion-index=\"2\" tabindex=\"-1\" aria-expanded=\"false\" aria-controls=\"e-n-accordion-item-2281\" >\n\t\t\t\t\t<span class='e-n-accordion-item-title-header'><div class=\"e-n-accordion-item-title-text\"> V\u00e2nz\u0103ri \u0219i contact Rom\u00e2nia <\/div><\/span>\n\t\t\t\t\t\t\t<span class='e-n-accordion-item-title-icon'>\n\t\t\t<span class='e-opened' ><svg aria-hidden=\"true\" class=\"e-font-icon-svg e-fas-minus\" viewBox=\"0 0 448 512\" xmlns=\"http:\/\/www.w3.org\/2000\/svg\"><path d=\"M416 208H32c-17.67 0-32 14.33-32 32v32c0 17.67 14.33 32 32 32h384c17.67 0 32-14.33 32-32v-32c0-17.67-14.33-32-32-32z\"><\/path><\/svg><\/span>\n\t\t\t<span class='e-closed'><svg aria-hidden=\"true\" class=\"e-font-icon-svg e-fas-plus\" viewBox=\"0 0 448 512\" xmlns=\"http:\/\/www.w3.org\/2000\/svg\"><path d=\"M416 208H272V64c0-17.67-14.33-32-32-32h-32c-17.67 0-32 14.33-32 32v144H32c-17.67 0-32 14.33-32 32v32c0 17.67 14.33 32 32 32h144v144c0 17.67 14.33 32 32 32h32c17.67 0 32-14.33 32-32V304h144c17.67 0 32-14.33 32-32v-32c0-17.67-14.33-32-32-32z\"><\/path><\/svg><\/span>\n\t\t<\/span>\n\n\t\t\t\t\t\t<\/summary>\n\t\t\t\t<div role=\"region\" aria-labelledby=\"e-n-accordion-item-2281\" class=\"elementor-element elementor-element-10d8478 e-con-full e-flex e-con e-child\" data-id=\"10d8478\" data-element_type=\"container\">\n\t\t\t\t<div class=\"elementor-element elementor-element-b73893d elementor-widget elementor-widget-text-editor\" data-id=\"b73893d\" data-element_type=\"widget\" data-widget_type=\"text-editor.default\">\n\t\t\t\t<div class=\"elementor-widget-container\">\n\t\t\t\t\t\t\t\t\t<p><span style=\"color: #000000;\">Distribu\u021bie \u0219i v\u00e2nz\u0103ri \u00een Rom\u00e2nia<\/span><\/p><p><a href=\"mailto:vanzari@siegertours.com\">vanzari@siegertours.com<\/a><\/p>\t\t\t\t\t\t\t\t<\/div>\n\t\t\t\t<\/div>\n\t\t\t\t<\/div>\n\t\t\t\t\t<\/details>\n\t\t\t\t\t\t<details id=\"e-n-accordion-item-2282\" class=\"e-n-accordion-item\" >\n\t\t\t\t<summary class=\"e-n-accordion-item-title\" data-accordion-index=\"3\" tabindex=\"-1\" aria-expanded=\"false\" aria-controls=\"e-n-accordion-item-2282\" >\n\t\t\t\t\t<span class='e-n-accordion-item-title-header'><div class=\"e-n-accordion-item-title-text\"> Sieger-Reisen \u00c4gypten <\/div><\/span>\n\t\t\t\t\t\t\t<span class='e-n-accordion-item-title-icon'>\n\t\t\t<span class='e-opened' ><svg aria-hidden=\"true\" class=\"e-font-icon-svg e-fas-minus\" viewBox=\"0 0 448 512\" xmlns=\"http:\/\/www.w3.org\/2000\/svg\"><path d=\"M416 208H32c-17.67 0-32 14.33-32 32v32c0 17.67 14.33 32 32 32h384c17.67 0 32-14.33 32-32v-32c0-17.67-14.33-32-32-32z\"><\/path><\/svg><\/span>\n\t\t\t<span class='e-closed'><svg aria-hidden=\"true\" class=\"e-font-icon-svg e-fas-plus\" viewBox=\"0 0 448 512\" xmlns=\"http:\/\/www.w3.org\/2000\/svg\"><path d=\"M416 208H272V64c0-17.67-14.33-32-32-32h-32c-17.67 0-32 14.33-32 32v144H32c-17.67 0-32 14.33-32 32v32c0 17.67 14.33 32 32 32h144v144c0 17.67 14.33 32 32 32h32c17.67 0 32-14.33 32-32V304h144c17.67 0 32-14.33 32-32v-32c0-17.67-14.33-32-32-32z\"><\/path><\/svg><\/span>\n\t\t<\/span>\n\n\t\t\t\t\t\t<\/summary>\n\t\t\t\t<div role=\"region\" aria-labelledby=\"e-n-accordion-item-2282\" class=\"elementor-element elementor-element-cd3c26d e-con-full e-flex e-con e-child\" data-id=\"cd3c26d\" data-element_type=\"container\">\n\t\t<div role=\"region\" aria-labelledby=\"e-n-accordion-item-2282\" class=\"elementor-element elementor-element-fa62ac5 e-con-full e-flex e-con e-child\" data-id=\"fa62ac5\" data-element_type=\"container\">\n\t\t\t\t<\/div>\n\t\t<div role=\"region\" aria-labelledby=\"e-n-accordion-item-2282\" class=\"elementor-element elementor-element-4cccf57 e-con-full e-flex e-con e-child\" data-id=\"4cccf57\" data-element_type=\"container\">\n\t\t\t\t<div class=\"elementor-element elementor-element-ceec551 elementor-widget elementor-widget-text-editor\" data-id=\"ceec551\" data-element_type=\"widget\" data-widget_type=\"text-editor.default\">\n\t\t\t\t<div class=\"elementor-widget-container\">\n\t\t\t\t\t\t\t\t\t<p><span style=\"color: #000000;\">Kontakt:\u00a0 info@sieger-reisen.com<\/span><br \/><br \/><span style=\"color: #000000;\">Phone: +4916098061960<\/span><\/p>\t\t\t\t\t\t\t\t<\/div>\n\t\t\t\t<\/div>\n\t\t\t\t<\/div>\n\t\t<div role=\"region\" aria-labelledby=\"e-n-accordion-item-2282\" class=\"elementor-element elementor-element-81b7622 e-con-full e-flex e-con e-child\" data-id=\"81b7622\" data-element_type=\"container\">\n\t\t\t\t<\/div>\n\t\t\t\t<\/div>\n\t\t\t\t\t<\/details>\n\t\t\t\t\t<\/div>\n\t\t\t\t\t\t<\/div>\n\t\t\t\t<\/div>\n\t\t\t\t<\/div>\n\t\t<div class=\"elementor-element elementor-element-c4c3b33 e-con-full e-flex e-con e-child\" data-id=\"c4c3b33\" data-element_type=\"container\">\n\t\t\t\t<div class=\"elementor-element elementor-element-4583e88 elementor-widget elementor-widget-image\" data-id=\"4583e88\" data-element_type=\"widget\" data-widget_type=\"image.default\">\n\t\t\t\t<div class=\"elementor-widget-container\">\n\t\t\t\t\t\t\t\t\t\t\t\t\t\t\t<img decoding=\"async\" width=\"371\" height=\"673\" src=\"https:\/\/siegertours.com\/wp-content\/uploads\/2026\/01\/meik24.png\" class=\"attachment-large size-large wp-image-1396\" alt=\"\" srcset=\"https:\/\/siegertours.com\/wp-content\/uploads\/2026\/01\/meik24.png 371w, https:\/\/siegertours.com\/wp-content\/uploads\/2026\/01\/meik24-165x300.png 165w\" sizes=\"(max-width: 371px) 100vw, 371px\" \/>\t\t\t\t\t\t\t\t\t\t\t\t\t\t\t<\/div>\n\t\t\t\t<\/div>\n\t\t\t\t<\/div>\n\t\t\t\t\t<\/div>\n\t\t\t\t<\/div>\n\t\t<div class=\"elementor-element elementor-element-e39776f e-flex e-con-boxed e-con e-parent\" data-id=\"e39776f\" data-element_type=\"container\">\n\t\t\t\t\t<div class=\"e-con-inner\">\n\t\t<div class=\"elementor-element elementor-element-d4f50b9 e-con-full e-flex e-con e-child\" data-id=\"d4f50b9\" data-element_type=\"container\">\n\t\t\t\t<\/div>\n\t\t<div class=\"elementor-element elementor-element-6b524ba e-con-full e-flex e-con e-child\" data-id=\"6b524ba\" data-element_type=\"container\">\n\t\t\t\t<div class=\"elementor-element elementor-element-e07052e elementor-button-align-stretch elementor-widget elementor-widget-form\" data-id=\"e07052e\" data-element_type=\"widget\" data-settings=\"{&quot;button_width&quot;:&quot;33&quot;,&quot;step_next_label&quot;:&quot;Next&quot;,&quot;step_previous_label&quot;:&quot;Previous&quot;,&quot;step_type&quot;:&quot;number_text&quot;,&quot;step_icon_shape&quot;:&quot;circle&quot;}\" data-widget_type=\"form.default\">\n\t\t\t\t<div class=\"elementor-widget-container\">\n\t\t\t\t\t\t\t<form class=\"elementor-form\" method=\"post\" name=\"New Form\">\n\t\t\t<input type=\"hidden\" name=\"post_id\" value=\"640\"\/>\n\t\t\t<input type=\"hidden\" name=\"form_id\" value=\"e07052e\"\/>\n\t\t\t<input type=\"hidden\" name=\"referer_title\" value=\"\" \/>\n\n\t\t\t\n\t\t\t<div class=\"elementor-form-fields-wrapper elementor-labels-above\">\n\t\t\t\t\t\t\t\t<div class=\"elementor-field-type-text elementor-field-group elementor-column elementor-field-group-name elementor-col-50 elementor-field-required elementor-mark-required\">\n\t\t\t\t\t\t\t\t\t\t\t\t<label for=\"form-field-name\" class=\"elementor-field-label\">\n\t\t\t\t\t\t\t\tName\t\t\t\t\t\t\t<\/label>\n\t\t\t\t\t\t\t\t\t\t\t\t\t\t<input size=\"1\" type=\"text\" name=\"form_fields[name]\" id=\"form-field-name\" class=\"elementor-field elementor-size-xs  elementor-field-textual\" placeholder=\"Name\" required=\"required\" aria-required=\"true\">\n\t\t\t\t\t\t\t\t\t\t\t<\/div>\n\t\t\t\t\t\t\t\t<div class=\"elementor-field-type-text elementor-field-group elementor-column elementor-field-group-field_45c9ccb elementor-col-50 elementor-field-required elementor-mark-required\">\n\t\t\t\t\t\t\t\t\t\t\t\t<label for=\"form-field-field_45c9ccb\" class=\"elementor-field-label\">\n\t\t\t\t\t\t\t\tLast Name\t\t\t\t\t\t\t<\/label>\n\t\t\t\t\t\t\t\t\t\t\t\t\t\t<input size=\"1\" type=\"text\" name=\"form_fields[field_45c9ccb]\" id=\"form-field-field_45c9ccb\" class=\"elementor-field elementor-size-xs  elementor-field-textual\" placeholder=\"Last Name\" required=\"required\" aria-required=\"true\">\n\t\t\t\t\t\t\t\t\t\t\t<\/div>\n\t\t\t\t\t\t\t\t<div class=\"elementor-field-type-email elementor-field-group elementor-column elementor-field-group-email elementor-col-50 elementor-field-required elementor-mark-required\">\n\t\t\t\t\t\t\t\t\t\t\t\t<label for=\"form-field-email\" class=\"elementor-field-label\">\n\t\t\t\t\t\t\t\tEmail\t\t\t\t\t\t\t<\/label>\n\t\t\t\t\t\t\t\t\t\t\t\t\t\t<input size=\"1\" type=\"email\" name=\"form_fields[email]\" id=\"form-field-email\" class=\"elementor-field elementor-size-xs  elementor-field-textual\" placeholder=\"Email\" required=\"required\" aria-required=\"true\">\n\t\t\t\t\t\t\t\t\t\t\t<\/div>\n\t\t\t\t\t\t\t\t<div class=\"elementor-field-type-text elementor-field-group elementor-column elementor-field-group-field_8503089 elementor-col-50 elementor-field-required elementor-mark-required\">\n\t\t\t\t\t\t\t\t\t\t\t\t<label for=\"form-field-field_8503089\" class=\"elementor-field-label\">\n\t\t\t\t\t\t\t\tPhone\t\t\t\t\t\t\t<\/label>\n\t\t\t\t\t\t\t\t\t\t\t\t\t\t<input size=\"1\" type=\"text\" name=\"form_fields[field_8503089]\" id=\"form-field-field_8503089\" class=\"elementor-field elementor-size-xs  elementor-field-textual\" placeholder=\"Phone\" required=\"required\" aria-required=\"true\">\n\t\t\t\t\t\t\t\t\t\t\t<\/div>\n\t\t\t\t\t\t\t\t<div class=\"elementor-field-type-text elementor-field-group elementor-column elementor-field-group-field_1f4efbb elementor-col-50 elementor-field-required elementor-mark-required\">\n\t\t\t\t\t\t\t\t\t\t\t\t<label for=\"form-field-field_1f4efbb\" class=\"elementor-field-label\">\n\t\t\t\t\t\t\t\tStreet\t\t\t\t\t\t\t<\/label>\n\t\t\t\t\t\t\t\t\t\t\t\t\t\t<input size=\"1\" type=\"text\" name=\"form_fields[field_1f4efbb]\" id=\"form-field-field_1f4efbb\" class=\"elementor-field elementor-size-xs  elementor-field-textual\" placeholder=\"Street\" required=\"required\" aria-required=\"true\">\n\t\t\t\t\t\t\t\t\t\t\t<\/div>\n\t\t\t\t\t\t\t\t<div class=\"elementor-field-type-text elementor-field-group elementor-column elementor-field-group-field_0578321 elementor-col-33 elementor-field-required elementor-mark-required\">\n\t\t\t\t\t\t\t\t\t\t\t\t<label for=\"form-field-field_0578321\" class=\"elementor-field-label\">\n\t\t\t\t\t\t\t\tNr.\t\t\t\t\t\t\t<\/label>\n\t\t\t\t\t\t\t\t\t\t\t\t\t\t<input size=\"1\" type=\"text\" name=\"form_fields[field_0578321]\" id=\"form-field-field_0578321\" class=\"elementor-field elementor-size-xs  elementor-field-textual\" placeholder=\"Number\" required=\"required\" aria-required=\"true\">\n\t\t\t\t\t\t\t\t\t\t\t<\/div>\n\t\t\t\t\t\t\t\t<div class=\"elementor-field-type-text elementor-field-group elementor-column elementor-field-group-field_c2a3d31 elementor-col-50 elementor-field-required elementor-mark-required\">\n\t\t\t\t\t\t\t\t\t\t\t\t<label for=\"form-field-field_c2a3d31\" class=\"elementor-field-label\">\n\t\t\t\t\t\t\t\tPLZ\t\t\t\t\t\t\t<\/label>\n\t\t\t\t\t\t\t\t\t\t\t\t\t\t<input size=\"1\" type=\"text\" name=\"form_fields[field_c2a3d31]\" id=\"form-field-field_c2a3d31\" class=\"elementor-field elementor-size-xs  elementor-field-textual\" placeholder=\"PLZ\" required=\"required\" aria-required=\"true\">\n\t\t\t\t\t\t\t\t\t\t\t<\/div>\n\t\t\t\t\t\t\t\t<div class=\"elementor-field-type-text elementor-field-group elementor-column elementor-field-group-field_357d268 elementor-col-50 elementor-field-required elementor-mark-required\">\n\t\t\t\t\t\t\t\t\t\t\t\t<label for=\"form-field-field_357d268\" class=\"elementor-field-label\">\n\t\t\t\t\t\t\t\tOrt\t\t\t\t\t\t\t<\/label>\n\t\t\t\t\t\t\t\t\t\t\t\t\t\t<input size=\"1\" type=\"text\" name=\"form_fields[field_357d268]\" id=\"form-field-field_357d268\" class=\"elementor-field elementor-size-xs  elementor-field-textual\" placeholder=\"City\" required=\"required\" aria-required=\"true\">\n\t\t\t\t\t\t\t\t\t\t\t<\/div>\n\t\t\t\t\t\t\t\t<div class=\"elementor-field-type-textarea elementor-field-group elementor-column elementor-field-group-message elementor-col-100\">\n\t\t\t\t\t\t\t\t\t\t\t\t<label for=\"form-field-message\" class=\"elementor-field-label\">\n\t\t\t\t\t\t\t\tMessage\t\t\t\t\t\t\t<\/label>\n\t\t\t\t\t\t<textarea class=\"elementor-field-textual elementor-field  elementor-size-xs\" name=\"form_fields[message]\" id=\"form-field-message\" rows=\"4\" placeholder=\"Message\"><\/textarea>\t\t\t\t<\/div>\n\t\t\t\t\t\t\t\t<div class=\"elementor-field-type-upload elementor-field-group elementor-column elementor-field-group-field_293ae6a elementor-col-100\">\n\t\t\t\t\t\t\t<input type=\"file\" name=\"form_fields[field_293ae6a][]\" id=\"form-field-field_293ae6a\" class=\"elementor-field elementor-size-xs  elementor-upload-field\" multiple=\"multiple\" data-maxsize=\"20\" data-maxsize-message=\"This file exceeds the maximum allowed size.\">\n\n\t\t\t\t\t\t<\/div>\n\t\t\t\t\t\t\t\t<div class=\"elementor-field-type-radio elementor-field-group elementor-column elementor-field-group-field_f2ca0fb elementor-col-100 elementor-field-required elementor-mark-required\">\n\t\t\t\t\t\t\t\t\t\t\t\t<label for=\"form-field-field_f2ca0fb\" class=\"elementor-field-label\">\n\t\t\t\t\t\t\t\tF\u00fcr Welches Produkt d\u00fcrfen wir Sie beraten:\t\t\t\t\t\t\t<\/label>\n\t\t\t\t\t\t<div class=\"elementor-field-subgroup  elementor-subgroup-inline\"><span class=\"elementor-field-option\"><input type=\"radio\" value=\"Bustour Romania\" id=\"form-field-field_f2ca0fb-0\" name=\"form_fields[field_f2ca0fb]\" required=\"required\" aria-required=\"true\"> <label for=\"form-field-field_f2ca0fb-0\">Bustour Romania<\/label><\/span><span class=\"elementor-field-option\"><input type=\"radio\" value=\"Bustour Budapest\" id=\"form-field-field_f2ca0fb-1\" name=\"form_fields[field_f2ca0fb]\" required=\"required\" aria-required=\"true\"> <label for=\"form-field-field_f2ca0fb-1\">Bustour Budapest<\/label><\/span><span class=\"elementor-field-option\"><input type=\"radio\" value=\"Bustour Ingolstadt Vilage\" id=\"form-field-field_f2ca0fb-2\" name=\"form_fields[field_f2ca0fb]\" required=\"required\" aria-required=\"true\"> <label for=\"form-field-field_f2ca0fb-2\">Bustour Ingolstadt Vilage<\/label><\/span><span class=\"elementor-field-option\"><input type=\"radio\" value=\"Bustour Wertheim\" id=\"form-field-field_f2ca0fb-3\" name=\"form_fields[field_f2ca0fb]\" required=\"required\" aria-required=\"true\"> <label for=\"form-field-field_f2ca0fb-3\">Bustour Wertheim<\/label><\/span><span class=\"elementor-field-option\"><input type=\"radio\" value=\"Bustour Prag Disco\" id=\"form-field-field_f2ca0fb-4\" name=\"form_fields[field_f2ca0fb]\" required=\"required\" aria-required=\"true\"> <label for=\"form-field-field_f2ca0fb-4\">Bustour Prag Disco<\/label><\/span><span class=\"elementor-field-option\"><input type=\"radio\" value=\"Bustour Salzburg \" id=\"form-field-field_f2ca0fb-5\" name=\"form_fields[field_f2ca0fb]\" required=\"required\" aria-required=\"true\"> <label for=\"form-field-field_f2ca0fb-5\">Bustour Salzburg <\/label><\/span><\/div>\t\t\t\t<\/div>\n\t\t\t\t\t\t\t\t<div class=\"elementor-field-group elementor-column elementor-field-type-submit elementor-col-33 e-form__buttons\">\n\t\t\t\t\t<button type=\"submit\" class=\"elementor-button elementor-size-sm\">\n\t\t\t\t\t\t<span >\n\t\t\t\t\t\t\t\t\t\t\t\t\t\t\t<span class=\" elementor-button-icon\">\n\t\t\t\t\t\t\t\t\t\t\t\t\t\t\t\t\t\t\t\t\t\t\t\t\t\t<\/span>\n\t\t\t\t\t\t\t\t\t\t\t\t\t\t\t\t\t\t\t\t\t\t<span class=\"elementor-button-text\">Send<\/span>\n\t\t\t\t\t\t\t\t\t\t\t\t\t<\/span>\n\t\t\t\t\t<\/button>\n\t\t\t\t<\/div>\n\t\t\t<\/div>\n\t\t<\/form>\n\t\t\t\t\t\t<\/div>\n\t\t\t\t<\/div>\n\t\t\t\t<\/div>\n\t\t<div class=\"elementor-element elementor-element-db4e906 e-con-full e-flex e-con e-child\" data-id=\"db4e906\" data-element_type=\"container\">\n\t\t\t\t<\/div>\n\t\t\t\t\t<\/div>\n\t\t\t\t<\/div>\n\t\t\t\t<section class=\"elementor-section elementor-top-section elementor-element elementor-element-5501d17 elementor-section-boxed elementor-section-height-default elementor-section-height-default\" data-id=\"5501d17\" data-element_type=\"section\" id=\"service\" data-settings=\"{&quot;background_background&quot;:&quot;classic&quot;}\">\n\t\t\t\t\t\t<div class=\"elementor-container elementor-column-gap-no\">\n\t\t\t\t\t<div class=\"elementor-column elementor-col-100 elementor-top-column elementor-element elementor-element-5fa565d\" data-id=\"5fa565d\" data-element_type=\"column\">\n\t\t\t<div class=\"elementor-widget-wrap elementor-element-populated\">\n\t\t\t\t\t\t<div class=\"elementor-element elementor-element-0b0ede2 elementor-widget elementor-widget-spacer\" data-id=\"0b0ede2\" data-element_type=\"widget\" data-widget_type=\"spacer.default\">\n\t\t\t\t<div class=\"elementor-widget-container\">\n\t\t\t\t\t\t\t<div class=\"elementor-spacer\">\n\t\t\t<div class=\"elementor-spacer-inner\"><\/div>\n\t\t<\/div>\n\t\t\t\t\t\t<\/div>\n\t\t\t\t<\/div>\n\t\t\t\t\t<\/div>\n\t\t<\/div>\n\t\t\t\t\t<\/div>\n\t\t<\/section>\n\t\t\t\t<\/div>\n\t\t","protected":false},"excerpt":{"rendered":"<p>Sie haben Fragen zu unseren Busreisen in Deutschland und Europa oder m\u00f6chten eine Tour anfragen? Wir sind gerne f\u00fcr Sie da. Schreiben Sie uns \u00fcber das Kontaktformular oder melden Sie sich direkt per E-Mail oder Telefon. Bitte nennen Sie m\u00f6glichst Reisedatum, Abfahrtsort, Personenzahl und Ihr gew\u00fcnschtes Reiseziel \u2013 so k\u00f6nnen wir Ihnen schnell ein passendes [&hellip;]<\/p>\n","protected":false},"author":1,"featured_media":0,"parent":0,"menu_order":0,"comment_status":"closed","ping_status":"closed","template":"page-builder.php","meta":{"footnotes":""},"class_list":["post-640","page","type-page","status-publish","hentry"],"_links":{"self":[{"href":"https:\/\/siegertours.com\/index.php\/wp-json\/wp\/v2\/pages\/640","targetHints":{"allow":["GET"]}}],"collection":[{"href":"https:\/\/siegertours.com\/index.php\/wp-json\/wp\/v2\/pages"}],"about":[{"href":"https:\/\/siegertours.com\/index.php\/wp-json\/wp\/v2\/types\/page"}],"author":[{"embeddable":true,"href":"https:\/\/siegertours.com\/index.php\/wp-json\/wp\/v2\/users\/1"}],"replies":[{"embeddable":true,"href":"https:\/\/siegertours.com\/index.php\/wp-json\/wp\/v2\/comments?post=640"}],"version-history":[{"count":106,"href":"https:\/\/siegertours.com\/index.php\/wp-json\/wp\/v2\/pages\/640\/revisions"}],"predecessor-version":[{"id":1437,"href":"https:\/\/siegertours.com\/index.php\/wp-json\/wp\/v2\/pages\/640\/revisions\/1437"}],"wp:attachment":[{"href":"https:\/\/siegertours.com\/index.php\/wp-json\/wp\/v2\/media?parent=640"}],"curies":[{"name":"wp","href":"https:\/\/api.w.org\/{rel}","templated":true}]}}